{"id":99,"date":"2021-06-29T16:21:13","date_gmt":"2021-06-29T14:21:13","guid":{"rendered":"https:\/\/het-imo.net\/de\/?page_id=99"},"modified":"2024-02-11T20:03:46","modified_gmt":"2024-02-11T19:03:46","slug":"matthias-zaiser-2","status":"publish","type":"page","link":"https:\/\/het-imo.net\/de\/wer-wir-sind\/matthias-zaiser-2\/","title":{"rendered":"Matthias Zaiser"},"content":{"rendered":"<p>[et_pb_section fb_built=&#8221;1&#8243; admin_label=&#8221;section&#8221; _builder_version=&#8221;4.16&#8243; global_colors_info=&#8221;{}&#8221;][et_pb_row column_structure=&#8221;1_2,1_2&#8243; admin_label=&#8221;row&#8221; _builder_version=&#8221;4.16&#8243; background_size=&#8221;initial&#8221; background_position=&#8221;top_left&#8221; background_repeat=&#8221;repeat&#8221; global_colors_info=&#8221;{}&#8221;][et_pb_column type=&#8221;1_2&#8243; _builder_version=&#8221;4.16&#8243; custom_padding=&#8221;|||&#8221; global_colors_info=&#8221;{}&#8221; custom_padding__hover=&#8221;|||&#8221;][et_pb_image src=&#8221;https:\/\/het-imo.net\/de\/wp-content\/uploads\/2023\/09\/Hilmar-8-1-scaled.jpg&#8221; alt=&#8221;Matthias Zaiser&#8221; title_text=&#8221;Hilmar 8&#8243; force_fullwidth=&#8221;on&#8221; align_tablet=&#8221;center&#8221; align_phone=&#8221;&#8221; align_last_edited=&#8221;on|desktop&#8221; admin_label=&#8221;Image Tertta Paananen&#8221; _builder_version=&#8221;4.22.1&#8243; hover_enabled=&#8221;0&#8243; animation=&#8221;off&#8221; sticky=&#8221;off&#8221; use_border_color=&#8221;off&#8221; border_color=&#8221;#ffffff&#8221; border_style=&#8221;solid&#8221; global_colors_info=&#8221;{}&#8221; sticky_enabled=&#8221;0&#8243;][\/et_pb_image][et_pb_text admin_label=&#8221;Text&#8221; _builder_version=&#8221;4.16&#8243; background_size=&#8221;initial&#8221; background_position=&#8221;top_left&#8221; background_repeat=&#8221;repeat&#8221; global_colors_info=&#8221;{}&#8221;]<\/p>\n<h2>Matthias Zaiser<\/h2>\n<p>E-Mail:<span>\u00a0<\/span>zaiser@het-imo.net<\/p>\n<p>[\/et_pb_text][\/et_pb_column][et_pb_column type=&#8221;1_2&#8243; _builder_version=&#8221;4.16&#8243; custom_padding=&#8221;|||&#8221; global_colors_info=&#8221;{}&#8221; custom_padding__hover=&#8221;|||&#8221;][et_pb_text admin_label=&#8221;Text Tertta Paananen&#8221; _builder_version=&#8221;4.16&#8243; background_size=&#8221;initial&#8221; background_position=&#8221;top_left&#8221; background_repeat=&#8221;repeat&#8221; global_colors_info=&#8221;{}&#8221;]<\/p>\n<p>Matthias Zaiser ist seit Oktober 2019 bei IMO Institut f\u00fcr Mensch &amp; Organisationsentwicklung.<\/p>\n<p>Mein Impuls<\/p>\n<p>Mein Impuls ist es Entwicklungsr\u00e4ume zu \u00f6ffnen und Menschen zu bef\u00e4higen ihre Ideale so zu leben, dass gesunde, starke und inspirierte Organisationen entstehen.<br \/>Viele Jahre habe ich kleine und mittelst\u00e4ndische Unternehmen in der \u00f6kologischen Lebensmittelwirtschaft, der Landwirtschaft und der Sozialwirtschaft restrukturiert. Heute liegt mein Fokus auf der Moderation von Erneuerungsprozessen, der Strategieentwicklung, sowie der Potentialentfaltung von F\u00fchrungskr\u00e4ften und deren Mitarbeitern. Ein besonderes Anliegen sind mir dabei \u00dcbergabeprozesse und Nachfolgefragen, da sie mein umfassendes wirtschaftliches Verst\u00e4ndnis, als auch ein feines menschliches Gesp\u00fcr erfordern.<\/p>\n<p>Mein Werdegang<br \/>Aufgewachsen bin ich in S\u00fcddeutschland. Nach der landwirtschaftlichen Ausbildung am Bodensee, einem Gesellen- und Forschungsjahr im \u00d6kolandbau in England, studierte ich Wirtschaftswissenschaften in Witten\/Herdecke, im Ruhrgebiet.<br \/>Meinen Berufseinstieg erlebte ich \u00fcber zwei Jahre am Werkhof, einem sozial-gewerblichen Qualifizierungs- und Besch\u00e4ftigungstr\u00e4ger in Dortmund. Es kamen mein soziales und \u00f6kologisches Verst\u00e4ndnis auf praktische Weise mit der wirtschaftlichen Leitung eines Betriebes zusammen. Hier lernte ich Prof. Kost &amp; Kollegen kennen, bei denen ich anschlie\u00dfend f\u00fcr zwei Jahre die Werkezeuge des Sanierungsmanagements f\u00fcr Klein- und Mittelst\u00e4ndische Betriebe erlernte.<br \/>Danach legte ich meinen Lebensmittelpunkt nach Hamburg und machte mich selbst\u00e4ndig. In dieser Zeit begegnete mir der \u201eBochumer Banken-Impuls\u201c und die Frage nach einem anderen Umgang mit Geld. Ich engagierte mich in Stiftungen, Treuhandeinrichtungen und freien Initiativen, wie z.B. dem freien Tr\u00e4ger der Bauckh\u00f6fe und der gemeinn\u00fctzigen Treuhandstelle in Hamburg (GTS Hamburg).<br \/>Mit RA Thomas R\u00fcter gr\u00fcndete ich das Netzwerk \u201eLandwirtschaft ist Gemeingut\u201c. Hier geht es um neue Solidar- und Wirtschaftsformen. Sie sind wie Keimlinge, die in der Landwirtschaft wachsen und unser Gesellschafts- und Wirtschaftsleben befruchten.<\/p>\n<p>Mein Aufgaben- und Verantwortungsbereich<br \/>Neben meiner Beratung und gesch\u00e4ftsf\u00fchrenden T\u00e4tigkeit f\u00fcr die GTS Hamburg bin ich heute in verschiedenen Vorstands- und Aufsichtsratsgremien verantwortlich t\u00e4tig und habe an der Hochschule f\u00fcr Nachhaltige Entwicklung in Eberswalde (HNE) einen Lehrauftrag im Fachbereich \u00d6ko-Agrarmanagement f\u00fcr das Modul Existenzgr\u00fcndung.<\/p>\n<p>[\/et_pb_text][\/et_pb_column][\/et_pb_row][et_pb_row admin_label=&#8221;Row&#8221; _builder_version=&#8221;4.16&#8243; background_size=&#8221;initial&#8221; background_position=&#8221;top_left&#8221; background_repeat=&#8221;repeat&#8221; global_colors_info=&#8221;{}&#8221;][et_pb_column type=&#8221;4_4&#8243; _builder_version=&#8221;4.16&#8243; custom_padding=&#8221;|||&#8221; global_colors_info=&#8221;{}&#8221; custom_padding__hover=&#8221;|||&#8221;][et_pb_divider show_divider=&#8221;off&#8221; disabled_on=&#8221;on|on|off&#8221; admin_label=&#8221;Divider&#8221; _builder_version=&#8221;4.16&#8243; height=&#8221;200px&#8221; hide_on_mobile=&#8221;on&#8221; global_colors_info=&#8221;{}&#8221;][\/et_pb_divider][\/et_pb_column][\/et_pb_row][\/et_pb_section]<\/p>\n","protected":false},"excerpt":{"rendered":"<p>Matthias Zaiser E-Mail:\u00a0zaiser@het-imo.netMatthias Zaiser ist seit Oktober 2019 bei IMO Institut f\u00fcr Mensch &amp; Organisationsentwicklung. Mein Impuls Mein Impuls ist es Entwicklungsr\u00e4ume zu \u00f6ffnen und Menschen zu bef\u00e4higen ihre Ideale so zu leben, dass gesunde, starke und inspirierte Organisationen entstehen.Viele Jahre habe ich kleine und mittelst\u00e4ndische Unternehmen in der \u00f6kologischen Lebensmittelwirtschaft, der Landwirtschaft und der [&hellip;]<\/p>\n","protected":false},"author":1,"featured_media":0,"parent":72,"menu_order":0,"comment_status":"closed","ping_status":"closed","template":"","meta":{"_et_pb_use_builder":"on","_et_pb_old_content":"","_et_gb_content_width":"","footnotes":""},"folder":[10],"class_list":["post-99","page","type-page","status-publish","hentry"],"_links":{"self":[{"href":"https:\/\/het-imo.net\/de\/wp-json\/wp\/v2\/pages\/99","targetHints":{"allow":["GET"]}}],"collection":[{"href":"https:\/\/het-imo.net\/de\/wp-json\/wp\/v2\/pages"}],"about":[{"href":"https:\/\/het-imo.net\/de\/wp-json\/wp\/v2\/types\/page"}],"author":[{"embeddable":true,"href":"https:\/\/het-imo.net\/de\/wp-json\/wp\/v2\/users\/1"}],"replies":[{"embeddable":true,"href":"https:\/\/het-imo.net\/de\/wp-json\/wp\/v2\/comments?post=99"}],"version-history":[{"count":5,"href":"https:\/\/het-imo.net\/de\/wp-json\/wp\/v2\/pages\/99\/revisions"}],"predecessor-version":[{"id":528,"href":"https:\/\/het-imo.net\/de\/wp-json\/wp\/v2\/pages\/99\/revisions\/528"}],"up":[{"embeddable":true,"href":"https:\/\/het-imo.net\/de\/wp-json\/wp\/v2\/pages\/72"}],"wp:attachment":[{"href":"https:\/\/het-imo.net\/de\/wp-json\/wp\/v2\/media?parent=99"}],"wp:term":[{"taxonomy":"folder","embeddable":true,"href":"https:\/\/het-imo.net\/de\/wp-json\/wp\/v2\/folder?post=99"}],"curies":[{"name":"wp","href":"https:\/\/api.w.org\/{rel}","templated":true}]}}

<p>[et_pb_section fb_built=&#8221;1&#8243; admin_label=&#8221;section&#8221; _builder_version=&#8221;4.16&#8243; global_colors_info=&#8221;{}&#8221;][et_pb_row column_structure=&#8221;1_2,1_2&#8243; admin_label=&#8221;row&#8221; _builder_version=&#8221;4.16&#8243; background_size=&#8221;initial&#8221; background_position=&#8221;top_left&#8221; background_repeat=&#8221;repeat&#8221; global_colors_info=&#8221;{}&#8221;][et_pb_column type=&#8221;1_2&#8243; _builder_version=&#8221;4.16&#8243; custom_padding=&#8221;|||&#8221; global_colors_info=&#8221;{}&#8221; custom_padding__hover=&#8221;|||&#8221;][et_pb_image src=&#8221;https://het-imo.net/de/wp-content/uploads/2023/09/Hilmar-8-1-scaled.jpg&#8221; alt=&#8221;Matthias Zaiser&#8221; title_text=&#8221;Hilmar 8&#8243; force_fullwidth=&#8221;on&#8221; align_tablet=&#8221;center&#8221; align_phone=&#8221;&#8221; align_last_edited=&#8221;on|desktop&#8221; admin_label=&#8221;Image Tertta Paananen&#8221; _builder_version=&#8221;4.22.1&#8243; hover_enabled=&#8221;0&#8243; animation=&#8221;off&#8221; sticky=&#8221;off&#8221; use_border_color=&#8221;off&#8221; border_color=&#8221;#ffffff&#8221; border_style=&#8221;solid&#8221; global_colors_info=&#8221;{}&#8221; sticky_enabled=&#8221;0&#8243;][/et_pb_image][et_pb_text admin_label=&#8221;Text&#8221; _builder_version=&#8221;4.16&#8243; background_size=&#8221;initial&#8221; background_position=&#8221;top_left&#8221; background_repeat=&#8221;repeat&#8221; global_colors_info=&#8221;{}&#8221;]</p>
<h2>Matthias Zaiser</h2>
<p>E-Mail:<span> </span>zaiser@het-imo.net</p>
<p>[/et_pb_text][/et_pb_column][et_pb_column type=&#8221;1_2&#8243; _builder_version=&#8221;4.16&#8243; custom_padding=&#8221;|||&#8221; global_colors_info=&#8221;{}&#8221; custom_padding__hover=&#8221;|||&#8221;][et_pb_text admin_label=&#8221;Text Tertta Paananen&#8221; _builder_version=&#8221;4.16&#8243; background_size=&#8221;initial&#8221; background_position=&#8221;top_left&#8221; background_repeat=&#8221;repeat&#8221; global_colors_info=&#8221;{}&#8221;]</p>
<p>Matthias Zaiser ist seit Oktober 2019 bei IMO Institut für Mensch &amp; Organisationsentwicklung.</p>
<p>Mein Impuls</p>
<p>Mein Impuls ist es Entwicklungsräume zu öffnen und Menschen zu befähigen ihre Ideale so zu leben, dass gesunde, starke und inspirierte Organisationen entstehen.<br />Viele Jahre habe ich kleine und mittelständische Unternehmen in der ökologischen Lebensmittelwirtschaft, der Landwirtschaft und der Sozialwirtschaft restrukturiert. Heute liegt mein Fokus auf der Moderation von Erneuerungsprozessen, der Strategieentwicklung, sowie der Potentialentfaltung von Führungskräften und deren Mitarbeitern. Ein besonderes Anliegen sind mir dabei Übergabeprozesse und Nachfolgefragen, da sie mein umfassendes wirtschaftliches Verständnis, als auch ein feines menschliches Gespür erfordern.</p>
<p>Mein Werdegang<br />Aufgewachsen bin ich in Süddeutschland. Nach der landwirtschaftlichen Ausbildung am Bodensee, einem Gesellen- und Forschungsjahr im Ökolandbau in England, studierte ich Wirtschaftswissenschaften in Witten/Herdecke, im Ruhrgebiet.<br />Meinen Berufseinstieg erlebte ich über zwei Jahre am Werkhof, einem sozial-gewerblichen Qualifizierungs- und Beschäftigungsträger in Dortmund. Es kamen mein soziales und ökologisches Verständnis auf praktische Weise mit der wirtschaftlichen Leitung eines Betriebes zusammen. Hier lernte ich Prof. Kost &amp; Kollegen kennen, bei denen ich anschließend für zwei Jahre die Werkezeuge des Sanierungsmanagements für Klein- und Mittelständische Betriebe erlernte.<br />Danach legte ich meinen Lebensmittelpunkt nach Hamburg und machte mich selbständig. In dieser Zeit begegnete mir der „Bochumer Banken-Impuls“ und die Frage nach einem anderen Umgang mit Geld. Ich engagierte mich in Stiftungen, Treuhandeinrichtungen und freien Initiativen, wie z.B. dem freien Träger der Bauckhöfe und der gemeinnützigen Treuhandstelle in Hamburg (GTS Hamburg).<br />Mit RA Thomas Rüter gründete ich das Netzwerk „Landwirtschaft ist Gemeingut“. Hier geht es um neue Solidar- und Wirtschaftsformen. Sie sind wie Keimlinge, die in der Landwirtschaft wachsen und unser Gesellschafts- und Wirtschaftsleben befruchten.</p>
<p>Mein Aufgaben- und Verantwortungsbereich<br />Neben meiner Beratung und geschäftsführenden Tätigkeit für die GTS Hamburg bin ich heute in verschiedenen Vorstands- und Aufsichtsratsgremien verantwortlich tätig und habe an der Hochschule für Nachhaltige Entwicklung in Eberswalde (HNE) einen Lehrauftrag im Fachbereich Öko-Agrarmanagement für das Modul Existenzgründung.</p>
<p>[/et_pb_text][/et_pb_column][/et_pb_row][et_pb_row admin_label=&#8221;Row&#8221; _builder_version=&#8221;4.16&#8243; background_size=&#8221;initial&#8221; background_position=&#8221;top_left&#8221; background_repeat=&#8221;repeat&#8221; global_colors_info=&#8221;{}&#8221;][et_pb_column type=&#8221;4_4&#8243; _builder_version=&#8221;4.16&#8243; custom_padding=&#8221;|||&#8221; global_colors_info=&#8221;{}&#8221; custom_padding__hover=&#8221;|||&#8221;][et_pb_divider show_divider=&#8221;off&#8221; disabled_on=&#8221;on|on|off&#8221; admin_label=&#8221;Divider&#8221; _builder_version=&#8221;4.16&#8243; height=&#8221;200px&#8221; hide_on_mobile=&#8221;on&#8221; global_colors_info=&#8221;{}&#8221;][/et_pb_divider][/et_pb_column][/et_pb_row][/et_pb_section]</p>

<p>Matthias Zaiser E-Mail: zaiser@het-imo.netMatthias Zaiser ist seit Oktober 2019 bei IMO Institut für Mensch &amp; Organisationsentwicklung. Mein Impuls Mein Impuls ist es Entwicklungsräume zu öffnen und Menschen zu befähigen ihre Ideale so zu leben, dass gesunde, starke und inspirierte Organisationen entstehen.Viele Jahre habe ich kleine und mittelständische Unternehmen in der ökologischen Lebensmittelwirtschaft, der Landwirtschaft und der [&hellip;]</p>
